 y. Determine z(u).
-8
Let d(b) be the first derivative of 0*b**3 + 0*b + 0*b**5 - 1/24*b**4 + 1/120*b**6 + 25 + 19*b**2. Let i(s) be the second derivative of d(s). Determine i(0).
0
Let m(f) = -30*f + 203. Let z be m(7). Let c(s) = -14*s - 104. Let a be c(z). Let r(k) = k - k + 3 - k. Give r(a).
9
Let z(i) = 10*i - 36. Suppose 0 = 7*m - 5 - 16. Let h be z(m). Let u(g) = g**2 + 6*g + 7. Calculate u(h).
7
Let o(s) = s**3 - 14*s**2 - 53*s + 41. Let x be o(17). Suppose -x*v + 4*v = -21. Let m(q) = q**2 - 8*q + 1. Give m(v).
-6
Let g(x) = -x**2 - 2*x + 7. Suppose -61*a + 55*a = -18. Suppose 0*l + l + 3*p = 3, -5*l = -3*p + a. What is g(l)?
7
Suppose 4*y = g + 89, y + 0 = 5*g + 46. Let b = -18 + y. Let t(j) = -223*j - j**2 + 220*j - b + 4. Determine t(-4).
-3
Let s(i) be the second derivative of 1/6*i**3 + 10*i**2 + 0 - 129*i. Give s(-15).
5
Let v(c) = 2*c**3 + 18*c**2 + 9*c + 19. Let r = -27530 + 27521. Calculate v(r).
-62
Suppose v + 131 = 3*j, 4*j - 364 = 4*v + 200. Let i = 220 + v. Let b(s) = 75*s**3 - 5 - 8*s**2 + 2*s**2 - i*s**3 - s. Determine b(6).
-11
Let s(b) = -b**3 + 3*b**2 - 2*b - 3. Suppose 5*i = 7*i - 10. Let t(z) = -z + 24. Let k(c) = -c + 36. Let x(f) = 5*k(f) - 8*t(f). Let q be x(i). Determine s(q).
-9
Let b = 295 + -265. Suppose -1809*r + b = -1803*r. Let f(d) = -d**2 + 3*d + 2. What is f(r)?
-8
Let a(h) be the first derivative of -h**4/4 + 5*h**3 - h**2 - 5*h + 4303. Give a(15).
-35
Let c(x) = -33*x - 4 + x**2 + 13*x - 3 + 14*x + 2. Let i = -1 - -6. Suppose n = -4*n - i*w + 10, -5*w - 2 = 3*n. What is c(n)?
-5
Let i = 512 - 944. Let p = i - -434. Let r(n) = 9*n - 6. Determine r(p).
12
Let s(y) be the second derivative of y**4/12 + 19*y**3/6 - 7*y**2 - 10802*y. Give s(-7).
-98
Let t(x) = -x - 15. Let p(s) = s + 8. Let q(u) = 7*p(u) + 4*t(u). Suppose 5*b + 243 - 219 = -j, 5*b + 54 = 4*j. Give q(b).
-22
Suppose 0 = 5*k - 4*i - 40, -2*k = -k + i - 17. Suppose 9*l + 21 = k*l. Let r(o) = -o + 6. Determine r(l).
-1
Let f(o) = o**3 + 5*o**2 - 3*o + 5. Let j(z) = -z**3 + 13. Let y be j(0). Suppose 45 = -y*r - 33. Calculate f(r).
-13
Suppose 5*z + 239 = -246. Let x = -93 - z. Let b(i) = -i + 1. Let r(n) = -3*n - 1. Let u(s) = 4*b(s) - r(s). What is u(x)?
1
Let w(x) = -4*x - 6. Let v be (3 - 1) + ((-3)/(-1))/(-3). Let d be (8/(-2)*-1)/(v - 2). What is w(d)?
10
Let k(j) = -3243*j + 58 + 6506*j - 3291*j + j**2. What is k(28)?
58
Suppose -p - 5 = -2. Let d(c) = 198 - c**3 - 2*c**2 + 2*c + 198 + 197 - 589. Calculate d(p).
7
Let o(m) = -2*m - 8. Suppose b + 4*b - 230 = 5*g, 92 = 2*b - g. Suppose -5*x - 11 = -b. Determine o(x).
-22
Let s(h) be the second derivative of -1/60*h**5 - 12*h + 0 - 2*h**3 - 5/2*h**2 + 3/8*h**4. Let t(z) be the first derivative of s(z). Determine t(8).
-4
Suppose 108*v = -2*s + 107*v - 17, -4*s = 5*v + 49. Let h(w) be the first derivative of 0*w + 3 + w**2 - 2*w**3 - 1/4*w**4. Give h(s).
-12
Let l(d) be the third derivative of -d**7/2520 - d**6/360 - 13*d**5/20 + 54*d**2. Let w(g) be the third derivative of l(g). Calculate w(-2).
2
Let t(b) = b + 2*b + 1 + 3. Suppose 4*o - 19 = -3*r, 0 = -63*r + 68*r + o + 8. What is t(r)?
-5
Let f(h) = -h**3 - h**2 - 2*h - 8. Suppose -3*c = 3*o, 4*c + 2*o + 6 = -c. Let q be f(c). Let m(z) = 0 - 2 + 0 - 1 + z. What is m(q)?
-3
Let i be (4/5)/((-4)/(-30)). Let a be (-2)/(28/(-74)) + 108/(-378). Let v(g) = -212*g**2 + 213*g**2 - 3 - 7*g - a. Determine v(i).
-14
Suppose 2*c - 3*c - 4*j + 7 = 0, -5*c = 3*j + 33. Let d(g) be the first derivative of -g**4/4 - 10*g**3/3 - 9*g**2/2 + 11*g + 289. Give d(c).
11
Let c(z) = z + 2. Let b be c(5). Let r(s) = 8*s - 194. Let k be r(26). Let d(w) = 7 + 8*w**2 - w**3 - k - 8*w + 0*w. Determine d(b).
-14
Let j(w) = 6*w**2 + 43*w + 45. Let i be (-273)/(-26)*(-5 + (248/(-14))/(-4)). Give j(i).
3
Let n(y) = -21*y - 54. Let i(u) = 7*u + 19. Let w(l) = -17*i(l) - 6*n(l). Let j(z) = -z**2 - z - 1. Let m(v) = -3*j(v) - w(v). Calculate m(2).
6
Let f(h) = -4 - 1 + 12 - 15*h + 10 + 12*h. Give f(9).
-10
Let b(u) = 2*u**3 - 5*u**2 - 57*u - 37. Let k be b(7). Let c(v) = -3*v**2 + 8*v - 18. What is c(k)?
-53
Let z be 7 - (-38)/57 - (4 - -2*1). Let c(m) be the first derivative of -z*m**3 - 2*m - 1/4*m**4 - 26 - 3/2*m**2. Determine c(-4).
-6
Suppose -u + 129 = -2*a, -6*a + 4*a = 2*u - 240. Let w = u - 122. Let m(n) = 5 - 2 - 4 + 10*n**2 + 2*n. Calculate m(w).
11
Let z = 2100 - 2103. Let v = -39 - -55. Let r(h) = -13*h**2 + h**3 + 0 + v*h**2 - 4. Give r(z).
-4
Let w(m) = -5*m + 20. Let u be (1*-4)/(1/((-19)/(-38))). Calculate w(u).
30
Let z(t) = -56*t**3 - t**2 + 1. Let u be ((-11)/2)/(-11)*(-1)/(-2)*-4. What is z(u)?
56
Let x(l) be the second derivative of l**5/20 - 5*l**4/4 - 19*l**3/6 - 21*l**2/2 - 229*l + 1. Determine x(16).
-69
Let j(u) = 5*u - 13. Suppose 0 = 5*i - 5*s - 649 + 249, 2*i - 176 = -2*s. Let t = i - 81. What is j(t)?
2
Let s(o) be the third derivative of o**5/60 + o**4/3 + 2*o**3 + 2373*o**2. Let l(m) = -m**2 - m + 5. Let x be l(-4). What is s(x)?
5
Let s(b) = 16*b + 29. Let j(w) = 6*w - 14. Let i(f) = -3*f + 10. Let l(g) = -8*i(g) - 5*j(g). Let y(r) = -11*l(r) - 4*s(r). Give y(5).
4
Let d(z) = 6*z + 10. Let x(a) = -4*a - 7. Let c(v) = -5*d(v) - 7*x(v). Let y(p) = -p - 11. Let l be y(-16). Suppose 5 = l*k - 5. Give c(k).
-5
Let i(r) = -9*r**2 + 51*r - 68. Let j(m) = -5*m**2 + 27*m - 32. Let u(q) = -6*i(q) + 11*j(q). Give u(5).
-14
Let g(z) = 7*z**2 - 4*z + 4. Let n(k) = 10*k**2 - 6*k + 5. Let d(j) = 3*g(j) - 2*n(j). Determine d(2).
6
Suppose -3*v = -4*v + 15. Let l(y) = -y + 16. Let x(p) = 5*p - 82. Let h(t) = 6*l(t) + x(t). What is h(v)?
-1
Let f = 177 + -153. Let w(r) = -4*r + 96. Give w(f).
0
Let z(r) = 2*r + 5. Let v be ((-111)/9 - -7)*(-639)/12. Let b = v + -279. What is z(b)?
15
Let h(i) = i**3 + i**2 + i - 2. Suppose 0 = 4*c - f + 19 - 5, 4*f + 7 = -5*c. Let w(z) = -2*z**3 - 8*z**2 - 12*z + 10. Let n(y) = c*h(y) - w(y). Determine n(7).
-39
Let p(o) = -47 + 2*o - 2*o**2 + 3*o + o**2 + o + 16*o. Calculate p(21).
-26
Let g(o) = -951*o + 13 - 908*o - 943*o + 2803*o. Let i = 7 + -19. Calculate g(i).
1
Let f(t) = 262*t - 90*t - 89*t + 2 - 84*t + 4. Let x(u) = 11*u**3 + u - 1. Let p be x(1). What is f(p)?
-5
Let c(x) = -5 - 3*x + 3*x + 0*x + x. Suppose -24 = -2*g + 3*o + 20, 0 = o. Suppose -16 + g = l. Calculate c(l).
1
Let d be 9/(-2) - 85/(-17). Let z(l) be the first derivative of -l + 26 - d*l**2. Determine z(6).
-7
Let r(l) = -2*l - 6*l**2 - 1 + 2452*l**3 - 4905*l**3 + 6 + 2454*l**3. Let o = 12 + -6. What is r(o)?
-7
Let t be 18/(-90)*(-60)/4. Let f(b) = 45*b + 30*b + 31*b - t*b**3 - 105*b. Determine f(1).
-2
Let p(d) be the second derivative of 8*d**3/3 + 89*d**2/2 + 1366*d. What is p(-6)?
-7
Let g(h) = h**3 - 5*h**2 - 3*h + 5. Let d(v) = -v**3 + 8*v**2 - 2*v + 22. Let j be d(9). Let k = j - -96. Suppose 7*t - k = 16. Give g(t).
-10
Let m(y) be the second derivative of -y**4/12 - y**3/6 + 4*y. Let o = 287 + -275. Suppose -5*p - g - 7 = 12, 0 = -3*g - o. Determine m(p).
-6
Let g(o) = -10*o + 119. Let r(x) = 7*x - 58. Let f(q) = 3*g(q) + 5*r(q). Calculate f(-19).
-28
Let r(j) = -j**2 - 6*j - 4. Let s be r(-4). Let w = -269 + 260. Let m(z) = -33*z + 12. Let q(f) = -8*f + 3. Let h(c) = w*q(c) + 2*m(c). Calculate h(s).
21
Suppose -b - 138 = 22*b. Let u(y) = y**2 - y. Let g(p) = 8*p + 1. Let n(t) = b*u(t) - g(t). What is n(2)?
-29
Let l = -35 - -30. Let p(k) = k**2 - 5*k + 11. Let m be p(l). Let s(h) = -m*h - 60*h + 1 + 124*h. What is s(5)?
16
Let a(w) be the first derivative of w**2 - 19*w - 1250. What is a(-7)?
-33
Let m(t) = -t**3 - t**2 - 5. Suppose -18*f + 14 = -11*f. Suppose 3*u = 8 - f. Suppose w - 4*n - 5 = -3*n, 4*w - u*n - 10 = 0. What is m(w)?
-5
Let x(i) be the second derivative of -2*i**3/3 - 21*i**2/2 + 4*i - 60. Give x(-9).
15
Let l(t) = -5*t**3 - t. Suppose 4*u = 166 + 50. Let i = -1685 - -1740. Let h = u - i. Determine l(h).
6
Let y(o) = 13019*o - 6505*o - 6509*o + 273. Give y(-57).
-12
Let n(l) = l**3 - 6*l**2 - 7*l - 6. Let h(w) = -7*w**3 - 7*w**3 + 25 - 11*w**3 + 26*w**3 - 7*w**2 + 3*w. Let d be h(6). Give n(d).
-6
Let o(u) = -u**2 + 5*u - 11. Let w = 355 + -349. Calculate o(w).
-17
Suppose -11*o - 3*l = 53, 5*o + 6*l - 9*l = 37. Let r = -4 - -6. Let q(u) = 3*u + 3*u**r - 6*u + 2*u. Calculate q(o).
4
Let u = 406 + -98. Let m(n) = 6